-3)).
5701
Let t be -5 + 438/48 - 3/24. Let c(b) be the third derivative of 5*b**4/12 - b**3/3 + b**2. List the prime factors of c(t).
2, 19
Let p = -9 + 23. Suppose -18*h = -p*h. What are the prime factors of (-1 - h)/(4/(-80))?
2, 5
Let c(x) = x + 22. Let o(n) = n**2 - 17*n - 20. Let t be o(17). List the prime factors of c(t).
2
Suppose 2*h - 2 = q, -h + 0*q = -4*q - 1. What are the prime factors of 114*h - (-4 - -7)?
3, 37
Suppose 3*a - 3*c - 1333 + 508 = 0, -1118 = -4*a - 2*c. What are the prime factors of a?
2, 139
Suppose 0 = 3*f + 18. Let q be (5 + 1)/(f/(-8)). Suppose -o + q + 24 = 0. List the prime factors of o.
2
Let b = 5 + -33. Let a = 268 + b. List the prime factors of a.
2, 3, 5
Let k(i) = -567*i - 33. List the prime factors of k(-1).
2, 3, 89
Suppose 0 = -3*m + 2*m + 4*b + 745, 0 = 2*m - 3*b - 1490. List the prime factors of m.
5, 149
Suppose -2*i + 20 = -p, 38 = -6*i + 10*i - p. Suppose 2320 = i*g - g. List the prime factors of g.
2, 5, 29
Let z(q) = -20*q. Let k(n) be the third derivative of -n**5/60 - 3*n**2. Let b be k(1). List the prime factors of z(b).
2, 5
Let z(s) = 0 + 4*s**2 - 4 + 2*s + 2. What are the prime factors of z(-5)?
2, 11
Let y = 1418 + 528. List the prime factors of y.
2, 7, 139
Suppose -38*r + 8856 = -21544. List the prime factors of r.
2, 5
Suppose -m - z - 63 + 11 = 0, 5*z + 156 = -3*m. Let f = m - -90. Let g = 54 - f. List the prime factors of g.
2
Let k(x) = -x**2 - 23*x + 35. Let a be k(-11). Let i = -65 + a. What are the prime factors of i?
2, 3, 17
Let o(f) = f**2 - 7*f + 10. Let a be o(7). Let h be a/20 + (-34)/4. List the prime factors of (h/(-3))/(-2)*-24.
2
Let x = 19 + -15. Suppose -5*z - 3*r - 147 = -10*z, z + x*r = 11. Let g = 75 - z. What are the prime factors of g?
2, 3
Let h(p) = p**2 - p + 20. Suppose -3*s - 9 = -3*f, 3*f + 0*s - 4 = 4*s. Suppose 3*b = f*b. What are the prime factors of h(b)?
2, 5
Let u(b) = -3*b - 3*b - 12 + 0*b + 2*b**2 - b**2. Let z be u(10). Suppose 5*m = 27 + z. What are the prime factors of m?
11
Let i(s) be the first derivative of 11*s**2 - 5*s - 7. List the prime factors of i(2).
3, 13
Let h(p) = p**2. Let x be h(-3). Let j be (-2)/((-9)/(-6) - 2). Let z = x - j. What are the prime factors of z?
5
Let b be 1/(-5) - (-531)/(-45). Let l be (-6)/(-9) + 20/b. Let n = 22 - l. What are the prime factors of n?
23
Let r = -16 - -5. Let x = r - -18. List the prime factors of x.
7
Suppose 5*d = 2730 + 205. What are the prime factors of d?
587
Suppose 25*w + 70*w - 255075 = 0. What are the prime factors of w?
3, 5, 179
Suppose 1220 + 453 = 7*z. List the prime factors of z.
239
Suppose 5*p + 431 = 11. Let w(t) = 2*t**3 + 4*t**2 - 7*t - 6. Let c be w(-4). Let k = c - p. List the prime factors of k.
2, 3, 7
Let g(t) = -3*t**3 - 14*t**2 + 6*t + 14. What are the prime factors of g(-10)?
2, 3, 7, 37
Let c(z) = z**3 + 3*z**2 - 2*z + 6. Let l be c(-3). Suppose -21 + l = -3*w. What are the prime factors of w?
3
Let x(p) = p**3 + 8*p**2 - 9*p. Let v be x(-10). What are the prime factors of (126/(-10))/(33/v)?
2, 3, 7
Let a(i) = 4*i**3 - 4*i**2 - 6*i - 22. What are the prime factors of a(6)?
2, 331
Suppose 0 = -0*g + g - 22. Suppose 18 = 4*c + w, w = 4*c - 0*c - g. Let b = 0 + c. What are the prime factors of b?
5
Suppose 9*i - 23108 + 3758 = 0. List the prime factors of i.
2, 5, 43
Let g(w) = w**3 + 7*w**2 - w. Let v be g(-7). Let j = v - 11. List the prime factors of j/((-4)/(-11))*-1.
11
Let m = 35 - 30. Suppose 4*y - 2*y - m*z - 46 = 0, y - 4*z - 17 = 0. List the prime factors of y.
3, 11
Let p be (2 - (3 + 28/(-20)))*65. Suppose 2*x - p = 158. What are the prime factors of x?
2, 23
Let m(b) = -136*b - 240. List the prime factors of m(-11).
2, 157
Let f(k) = -k**3 + 11*k**2 - 10*k + 3. Let g be f(10). Suppose g*t - 56 = -t. Let d = t - 0. What are the prime factors of d?
2, 7
List the prime factors of -1 + -4 + (2 - (-1369 + 2)).
2, 11, 31
Let c(x) = 48*x - 17. Let l be c(2). Let q = 82 - l. List the prime factors of q.
3
Let w(s) = 5*s**2 + 17*s - 14. List the prime factors of w(11).
2, 389
Suppose n = 3*c + 282 + 51, 0 = c + n + 115. What are the prime factors of (c/24)/((-2)/9)?
3, 7
Let h be 4*(-2 + 10/8). Let v be -2 + (-16)/(-6) - (-7)/3. List the prime factors of (-3*v)/h + -1.
2
Let j = 3981 + -1456. What are the prime factors of j?
5, 101
Let n(t) = 2*t**3 - 25*t**2 + 11*t - 12. Let u be n(12). Let f = 46 + u. What are the prime factors of f?
2, 11
What are the prime factors of (-10)/(-6 - 865/(-145))?
2, 5, 29
Let h(o) = 89*o + 14. What are the prime factors of h(16)?
2, 719
Let x = 36 - 32. List the prime factors of x + 14/(-2) + 55.
2, 13
Let x(l) = 12*l + 8. Let u be x(8). Suppose 4*f - 8*j - 214 = -3*j, -2*f + 4*j = -u. What are the prime factors of f?
2, 7
Suppose -3*v + 5*j = -0*j - 71, 0 = 5*j + 5. Let m = -19 + v. Suppose -5*r = -m*r - 58. List the prime factors of r.
29
Let p = -267 - -1119. List the prime factors of p.
2, 3, 71
Let r(b) be the third derivative of b**6/120 - b**5/12 - b**4/4 + 5*b**2. Let s be r(6). Suppose s = 4*z - 17 - 3. What are the prime factors of z?
5
Let h = -125 - -121. What are the prime factors of h/6*1278/(-4)?
3, 71
Suppose 0 = 3*g + 5*u + 16, -4 = -2*g + 6*u - 2*u. What are the prime factors of g/(25/(-10) + 2)?
2
Let c(y) = -y**3 + 14*y**2 + 5*y - 1. Let i be (-4)/18 + 768/54. What are the prime factors of c(i)?
3, 23
Suppose -2*u + 4*j + 28 = 0, 0 = 5*u + 3*j - 3 - 2. Suppose 2*z - 4*v - 68 = z, -z - u*v = -84. List the prime factors of z.
2, 19
Suppose 236 = f + 5*k, 5*f + 10*k - 15*k = 1210. Let m = f - 118. List the prime factors of m.
3, 41
Suppose 17*v - 414 = 436. List the prime factors of v.
2, 5
Let q(h) be the first derivative of h**2/2 + 26*h + 28. List the prime factors of q(-3).
23
Suppose 5*j - 27 = j + 3*s, -j + s = -8. Suppose -2*d + 3 = -j. Suppose -d*h + 117 = -0*h. List the prime factors of h.
3, 13
Let k(g) = -g + 13. Suppose l = -l + 5*v - 5, -l + 3*v = 3. Let r be (-7 - -6)*(l - 0). List the prime factors of k(r).
13
List the prime factors of 2/(-7) + ((-63540)/42)/(-3).
2, 3, 7
Suppose 3*y = 5*s - 355, -2*y = -5*s - 0*y + 360. Suppose 5*t - s = 51. List the prime factors of t.
5
Let j be (5 - 3) + (-1 - -62). Suppose -5*s + 2 = -j. What are the prime factors of s?
13
Suppose 7*f - 15 = 4*f. Suppose -597 = -f*w + 248. Suppose 28 = -3*x + w. What are the prime factors of x?
47
Let f be (-32)/56*(-14)/4. Suppose -f*x + 4*x - 8 = 0. Suppose x*b = 2*h + 118, 5*b - h = -11 + 163. What are the prime factors of b?
31
Let h be 154/21 + ((-6)/9)/2. Let s(j) = -j**3 - 6*j**2 + j + 6. Let f be s(-6). Suppose f = -h*g + 4*g + 108. What are the prime factors of g?
2, 3
Let k = -47 - -50. Let z = k - -23. List the prime factors of z.
2, 13
Suppose 71*a - 81*a + 39080 = 0. List the prime factors of a.
2, 977
List the prime factors of 4/(24/(-7959))*136/(-119).
2, 379
Let y be 26/(2 - 4/3). What are the prime factors of y - ((-9)/6)/((-3)/(-6))?
2, 3, 7
Let k(p) = -6*p**3 - 12*p**2 + 13*p - 9. Let c(w) = -w**3 + 1. Let b(d) = 5*c(d) - k(d). Let h be b(-13). What are the prime factors of 605/35 + (-4)/h?
17
Let g = 3549 - 2341. List the prime factors of g.
2, 151
Let r = -10 + 11. Let y be r/(2/6) + 4. Let h = 12 - y. What are the prime factors of h?
5
Let b = 8 + -7. Suppose k - b = 4. Suppose 0 = -0*x + k*x - 15. What are the prime factors of x?
3
Let i be (6/9)/((-6)/(-45)). Suppose -5*y = -5*g - 3*y + 549, -i*g + 543 = y. List the prime factors of g.
109
Let v(b) = -6*b - 12. Suppose 0 = 4*p + 12, 0 = -i - 2*i + 2*p - 15. What are the prime factors of v(i)?
2, 3, 5
Let k(a) = 16*a**2 - 19*a - 23. What are the prime factors of k(-6)?
23, 29
Suppose 0 = -0*i + i - 2*b - 2, 0 = i - 4*b. Suppose -2*m + 348 = i*m. List the prime factors of m.
2, 29
Suppose 4*i - 154 = i + v, 5*v + 5 = 0. Let k = -75 + i. Let a = 18 - k. What are the prime factors of a?
2, 3, 7
Suppose -2894 = -5*q + 4*c, -267*c + 268*c + 1735 = 3*q. What are the prime factors of q?
2, 17
Suppose -2230 = -2*i - 2*c, 0*i + 5*i = 3*c + 5535. List the prime factors of i.
2, 3, 5, 37
List the prime factors of (484/(-6))/((-5)/150*4).
5, 11
Let y(i) = -3*i + 3*i - 3 - i. Let o be y(-6). List the prime factors of (-57 - 3)*o/(-6).
2, 3, 5
Let i(g) = -g**3 + 12*g*